{"id":997,"date":"2024-05-25T08:51:24","date_gmt":"2024-05-25T08:51:24","guid":{"rendered":"https:\/\/sixterabytesofsnow.ch\/?page_id=997"},"modified":"2024-07-06T09:50:08","modified_gmt":"2024-07-06T09:50:08","slug":"nico-hirzel","status":"publish","type":"page","link":"https:\/\/sixterabytesofsnow.ch\/?page_id=997","title":{"rendered":"Nico Hirzel"},"content":{"rendered":"\n<figure class=\"wp-block-image size-large is-resized\"><img loading=\"lazy\" decoding=\"async\" width=\"768\" height=\"1024\" src=\"https:\/\/sixterabytesofsnow.ch\/wp-content\/uploads\/2024\/07\/IMG_5110-768x1024.jpg\" alt=\"\" class=\"wp-image-1088\" style=\"width:420px;height:auto\" srcset=\"https:\/\/sixterabytesofsnow.ch\/wp-content\/uploads\/2024\/07\/IMG_5110-768x1024.jpg 768w, https:\/\/sixterabytesofsnow.ch\/wp-content\/uploads\/2024\/07\/IMG_5110-419x559.jpg 419w, https:\/\/sixterabytesofsnow.ch\/wp-content\/uploads\/2024\/07\/IMG_5110-1152x1536.jpg 1152w, https:\/\/sixterabytesofsnow.ch\/wp-content\/uploads\/2024\/07\/IMG_5110-1536x2048.jpg 1536w, https:\/\/sixterabytesofsnow.ch\/wp-content\/uploads\/2024\/07\/IMG_5110-scaled.jpg 1920w\" sizes=\"auto, (max-width: 768px) 100vw, 768px\" \/><\/figure>\n\n\n\n<p>Nico Hirzel \/\/ Piano &amp; Kompositionen \/\/ Bandleader<\/p>\n\n\n\n<p>Geboren 1975 in Dunedin NZ, aufgewachsen in G\u00f6schenen UR. Ausbildung an der Jazz-Schule Luzern im Hauptfach Jazz-Piano. Danach zweij\u00e4hriger Wohn- und Arbeitsaufenthalt in Melbourne, Australien. &nbsp; Mitwirkung in verschiedenen Bands und Projekten. Realisierung mehrerer H\u00f6rst\u00fccke und Spoken-Word-Produktionen, unter anderen das Gletscherprojekt &#171;Alpengl\u00fchn&#187; (Alpent\u00f6ne 2007). Gr\u00fcndung der eigenen Kammermusik-Jazz Formation <em>Marco Polos Harem Band<\/em> sowie dem Jazz-Duo <em>Idolaters<\/em> mit Samuel Hopfeng\u00e4rtner (<a href=\"http:\/\/www.idolaters.ch\">www.idolaters.ch<\/a>). Von 2010 bis 2013 Masterstudium Schulmusik II in Luzern. Arbeitet als Musiklehrer, wohnt in Emmenbr\u00fccke LU. Vater von drei Kindern.<\/p>\n\n\n\n<p><\/p>\n","protected":false},"excerpt":{"rendered":"<p>Nico Hirzel \/\/ Piano &amp; Kompositionen \/\/ Bandleader Geboren 1975 in Dunedin NZ, aufgewachsen in G\u00f6schenen UR. Ausbildung an der Jazz-Schule Luzern im Hauptfach Jazz-Piano. Danach zweij\u00e4hriger Wohn- und Arbeitsaufenthalt in Melbourne, Australien. &nbsp; Mitwirkung in verschiedenen Bands und Projekten. Realisierung mehrerer H\u00f6rst\u00fccke und Spoken-Word-Produktionen, unter anderen das Gletscherprojekt &#171;Alpengl\u00fchn&#187; (Alpent\u00f6ne 2007). Gr\u00fcndung der eigenen &hellip; <\/p>\n<p class=\"link-more\"><a href=\"https:\/\/sixterabytesofsnow.ch\/?page_id=997\" class=\"more-link\">Continue reading<span class=\"screen-reader-text\"> &#171;Nico Hirzel&#187;<\/span><\/a><\/p>\n","protected":false},"author":1,"featured_media":0,"parent":0,"menu_order":0,"comment_status":"closed","ping_status":"closed","template":"","meta":{"footnotes":""},"class_list":["post-997","page","type-page","status-publish","hentry"],"_links":{"self":[{"href":"https:\/\/sixterabytesofsnow.ch\/index.php?rest_route=\/wp\/v2\/pages\/997","targetHints":{"allow":["GET"]}}],"collection":[{"href":"https:\/\/sixterabytesofsnow.ch\/index.php?rest_route=\/wp\/v2\/pages"}],"about":[{"href":"https:\/\/sixterabytesofsnow.ch\/index.php?rest_route=\/wp\/v2\/types\/page"}],"author":[{"embeddable":true,"href":"https:\/\/sixterabytesofsnow.ch\/index.php?rest_route=\/wp\/v2\/users\/1"}],"replies":[{"embeddable":true,"href":"https:\/\/sixterabytesofsnow.ch\/index.php?rest_route=%2Fwp%2Fv2%2Fcomments&post=997"}],"version-history":[{"count":7,"href":"https:\/\/sixterabytesofsnow.ch\/index.php?rest_route=\/wp\/v2\/pages\/997\/revisions"}],"predecessor-version":[{"id":1089,"href":"https:\/\/sixterabytesofsnow.ch\/index.php?rest_route=\/wp\/v2\/pages\/997\/revisions\/1089"}],"wp:attachment":[{"href":"https:\/\/sixterabytesofsnow.ch\/index.php?rest_route=%2Fwp%2Fv2%2Fmedia&parent=997"}],"curies":[{"name":"wp","href":"https:\/\/api.w.org\/{rel}","templated":true}]}}