{"id":768,"date":"2023-11-19T15:27:33","date_gmt":"2023-11-19T15:27:33","guid":{"rendered":"https:\/\/sixterabytesofsnow.ch\/?page_id=768"},"modified":"2023-12-12T18:11:57","modified_gmt":"2023-12-12T18:11:57","slug":"datenschutzerklaerung","status":"publish","type":"page","link":"https:\/\/sixterabytesofsnow.ch\/?page_id=768","title":{"rendered":"Datenschutzerkl\u00e4rung"},"content":{"rendered":"\n<h2 class=\"wp-block-heading\">Wer wir sind<\/h2>\n\n\n\n<p><\/p>\n\n\n\n<p>Six Terabytes of Snow<\/p>\n\n\n\n<p>Sonnenhofstrasse 9<\/p>\n\n\n\n<p>6020 Emmenbr\u00fccke<\/p>\n\n\n\n<p>Schweiz<\/p>\n\n\n\n<p><strong>E-Mail<\/strong>: nicohirzel@gmail.com<\/p>\n\n\n\n<p><strong>Vertretungsberechtigte Personen<\/strong><\/p>\n\n\n\n<p>Nicolas Hirzel<\/p>\n\n\n\n<p><strong>Name des Unternehmens<\/strong>: Six Terabytes of Snow<\/p>\n\n\n\n<p><strong>Datenschutzbeauftragte Person:<\/strong><\/p>\n\n\n\n<p>Nicolas Hirzel<\/p>\n\n\n\n<p><\/p>\n\n\n\n<p>nicohirzel@gmail.com<\/p>\n\n\n\n<p><strong>Allgemeines \/ Einleitung<\/strong><\/p>\n\n\n\n<p>Gest\u00fctzt auf Artikel 13 der Schweizerischen Bundesverfassung und die datenschutzrechtlichen Bestimmungen des Bundes (Datenschutzgesetz, DSG) hat jede Person Anspruch auf Schutz ihrer Privatsph\u00e4re sowie auf Schutz vor Missbrauch ihrer pers\u00f6nlichen Daten. Die Betreiber dieser Seiten nehmen den Schutz Ihrer pers\u00f6nlichen Daten sehr ernst. Wir behandeln Ihre personenbezogenen Daten vertraulich und entsprechend der gesetzlichen Datenschutzvorschriften sowie dieser Datenschutzerkl\u00e4rung.<\/p>\n\n\n\n<p>In Zusammenarbeit mit unseren Hosting-Providern bem\u00fchen wir uns, die Datenbanken so gut wie m\u00f6glich vor unberechtigtem Zugriff, Verlust, Missbrauch oder Verf\u00e4lschung zu sch\u00fctzen.<\/p>\n\n\n\n<p>Wir weisen darauf hin, dass die Daten\u00fcbertragung im Internet (z.B. bei der Kommunikation per E-Mail) Sicherheitsl\u00fccken aufweisen kann. Ein l\u00fcckenloser Schutz der Daten vor dem Zugriff durch Dritte ist nicht m\u00f6glich.<\/p>\n\n\n\n<p>Durch die Nutzung dieser Website erkl\u00e4ren Sie sich mit der Erhebung, Verarbeitung und Nutzung von Daten gem\u00e4ss der nachfolgenden Beschreibung einverstanden. Diese Website kann grunds\u00e4tzlich ohne Registrierung besucht werden. Daten wie aufgerufene Seiten oder Namen von aufgerufenen Dateien, Datum und Uhrzeit werden zu statistischen Zwecken auf dem Server gespeichert, ohne dass diese Daten unmittelbar auf Ihre Person bezogen werden. Soweit auf unseren Seiten personenbezogene Daten (beispielsweise Name, Anschrift oder eMail-Adressen) erhoben werden, erfolgt dies, soweit m\u00f6glich, stets auf freiwilliger Basis. Diese Daten werden ohne Ihre ausdr\u00fcckliche Zustimmung nicht an Dritte weitergegeben.<\/p>\n\n\n\n<p><strong>Mit SSL\/TLS-Verschl\u00fcsselung<\/strong><\/p>\n\n\n\n<p>Diese Website verwendet aus Sicherheitsgr\u00fcnden und zum Schutz der \u00dcbertragung vertraulicher Inhalte, wie z.B. Anfragen, die Sie an uns als Seitenbetreiber senden, eine SSL\/TLS-Verschl\u00fcsselung. Eine verschl\u00fcsselte Verbindung erkennen Sie daran, dass die Adresszeile des Browsers von &#171;http:\/\/&#187; auf &#171;https:\/\/&#187; wechselt und an dem Schloss-Symbol in Ihrer Browserzeile.<\/p>\n\n\n\n<p>Wenn die SSL- oder TLS-Verschl\u00fcsselung aktiviert ist, k\u00f6nnen die Daten, die Sie an uns \u00fcbermitteln, nicht von Dritten gelesen werden.<\/p>\n\n\n\n<p><strong>Server-Log-Dateien<\/strong><\/p>\n\n\n\n<p>Der Provider dieser Website erhebt und speichert automatisch Informationen in so genannten Server-Log-Dateien, die Ihr Browser automatisch an uns \u00fcbermittelt. Dies sind:<\/p>\n\n\n\n<p>Browsertyp und Browserversion<\/p>\n\n\n\n<p>Verwendetes Betriebssystem<\/p>\n\n\n\n<p>Referrer URL<\/p>\n\n\n\n<p>Hostname des zugreifenden Rechners<\/p>\n\n\n\n<p>Zeitpunkt der Serveranfrage<\/p>\n\n\n\n<p>Diese Daten sind nicht bestimmten Personen zuordenbar. Eine Zusammenf\u00fchrung dieser Daten mit anderen Datenquellen wird nicht vorgenommen. Wir behalten uns vor, diese Daten nachtr\u00e4glich zu pr\u00fcfen, wenn uns konkrete Anhaltspunkte f\u00fcr eine rechtswidrige Nutzung bekannt werden.<\/p>\n\n\n\n<p><strong>Urheberrechte<\/strong><\/p>\n\n\n\n<p>Das Urheberrecht und alle anderen Rechte an den Inhalten, Bildern, Fotos oder sonstigen Dateien auf der Website geh\u00f6ren ausschliesslich dem Betreiber dieser Website oder den namentlich genannten Rechteinhabern. F\u00fcr die Vervielf\u00e4ltigung s\u00e4mtlicher Dateien muss vorab die schriftliche Zustimmung der Urheberrechtsinhaber eingeholt werden.<\/p>\n\n\n\n<p>Wer ohne Zustimmung der jeweiligen Urheberrechtsinhaber eine Urheberrechtsverletzung begeht, kann sich strafbar machen und unter Umst\u00e4nden Schadenersatzanspr\u00fcche geltend machen.<\/p>\n\n\n\n<p><strong>Facebook<\/strong><\/p>\n\n\n\n<p>Diese Website nutzt Funktionen der Facebook Inc, 1601 S. California Ave, Palo Alto, CA 94304, USA . Wenn Sie unsere Seiten mit Facebook-Plugins aufrufen, wird eine Verbindung zwischen Ihrem Browser und den Facebook-Servern hergestellt. Dabei werden bereits Daten an Facebook \u00fcbermittelt. Wenn Sie ein Facebook-Konto besitzen, k\u00f6nnen diese Daten mit diesem verkn\u00fcpft werden. Wenn Sie nicht m\u00f6chten, dass diese Daten mit Ihrem Facebook-Konto verkn\u00fcpft werden, loggen Sie sich bitte vor dem Besuch unserer Seite bei Facebook aus. Interaktionen, insbesondere die Nutzung einer Kommentarfunktion oder das Anklicken eines &#171;Gef\u00e4llt mir&#187;- oder &#171;Teilen&#187;-Buttons, werden ebenfalls an Facebook weitergeleitet. Mehr dazu erfahren Sie unter https:\/\/de-de.facebook.com\/about\/privacy.<\/p>\n\n\n\n<p><strong>Instagram<\/strong><\/p>\n\n\n\n<p>Auf unserer Website sind Funktionen des Dienstes Instagram eingebunden. Diese Funktionen werden angeboten durch die Instagram Inc., 1601 Willow Road, Menlo Park, CA, 94025, USA. Wenn Sie in Ihrem Instagram-Account eingeloggt sind, k\u00f6nnen Sie die Inhalte unserer Seiten auf Ihrem Instagram-Profil verlinken, indem Sie den Instagram-Button anklicken. Dadurch kann Instagram den Besuch unserer Seiten Ihrem Benutzerkonto zuordnen. Wir weisen darauf hin, dass wir als Anbieter der Seiten keine Kenntnis vom Inhalt der \u00fcbermittelten Daten sowie deren Nutzung durch Instagram erhalten. Weitere Informationen finden Sie in den Datenschutzbestimmungen von Instagram: http:\/\/instagram.com\/about\/legal\/privacy\/<\/p>\n\n\n\n<p><strong>YouTube<\/strong><\/p>\n\n\n\n<p>Auf dieser Website sind Funktionen des Dienstes &#171;YouTube&#187; integriert. &#171;YouTube&#187; ist Eigentum von Google Ireland Limited, einem nach irischem Recht gegr\u00fcndeten und betriebenen Unternehmen mit Sitz in Gordon House, Barrow Street, Dublin 4, Irland, das die Dienste im Europ\u00e4ischen Wirtschaftsraum und in der Schweiz betreibt.<\/p>\n\n\n\n<p>Ihre rechtliche Vereinbarung mit &#171;YouTube&#187; besteht aus den Bedingungen, die Sie unter dem folgenden Link finden: https:\/\/www.youtube.com\/static?gl=de&amp;template=terms&amp;hl=de. Diese Bedingungen stellen eine rechtsverbindliche Vereinbarung zwischen Ihnen und &#171;YouTube&#187; bez\u00fcglich Ihrer Nutzung der Dienste dar. In den Datenschutzbestimmungen von Google wird erl\u00e4utert, wie &#171;YouTube&#187; Ihre pers\u00f6nlichen Daten behandelt und sch\u00fctzt, wenn Sie den Dienst nutzen.<\/p>\n\n\n\n<p><strong>Haftungsausschluss<\/strong><\/p>\n\n\n\n<p>Der Autor \u00fcbernimmt keine Gew\u00e4hr f\u00fcr die Richtigkeit, Genauigkeit, Aktualit\u00e4t, Zuverl\u00e4ssigkeit und Vollst\u00e4ndigkeit der Informationen.<\/p>\n\n\n\n<p>Haftungsanspr\u00fcche gegen den Autor wegen Sch\u00e4den materieller oder immaterieller Art, die aus dem Zugriff oder der Nutzung bzw. Nichtnutzung der ver\u00f6ffentlichten Informationen, durch Missbrauch der Verbindung oder durch technische St\u00f6rungen entstanden sind, werden ausgeschlossen.<\/p>\n\n\n\n<p>Alle Angebote sind freibleibend. Der Autor beh\u00e4lt es sich ausdr\u00fccklich vor, Teile der Seiten oder das gesamte Angebot ohne gesonderte Ank\u00fcndigung zu ver\u00e4ndern, zu erg\u00e4nzen, zu l\u00f6schen oder die Ver\u00f6ffentlichung zeitweise oder endg\u00fcltig einzustellen.<\/p>\n\n\n\n<p><strong>Quelle<\/strong>:&nbsp;<a href=\"https:\/\/brainbox.swiss\/\">BrainBox Solutions<\/a><\/p>\n","protected":false},"excerpt":{"rendered":"<p>Wer wir sind Six Terabytes of Snow Sonnenhofstrasse 9 6020 Emmenbr\u00fccke Schweiz E-Mail: nicohirzel@gmail.com Vertretungsberechtigte Personen Nicolas Hirzel Name des Unternehmens: Six Terabytes of Snow Datenschutzbeauftragte Person: Nicolas Hirzel nicohirzel@gmail.com Allgemeines \/ Einleitung Gest\u00fctzt auf Artikel 13 der Schweizerischen Bundesverfassung und die datenschutzrechtlichen Bestimmungen des Bundes (Datenschutzgesetz, DSG) hat jede Person Anspruch auf Schutz ihrer &hellip; <\/p>\n<p class=\"link-more\"><a href=\"https:\/\/sixterabytesofsnow.ch\/?page_id=768\" class=\"more-link\">Continue reading<span class=\"screen-reader-text\"> &#171;Datenschutzerkl\u00e4rung&#187;<\/span><\/a><\/p>\n","protected":false},"author":1,"featured_media":0,"parent":0,"menu_order":0,"comment_status":"closed","ping_status":"closed","template":"","meta":{"footnotes":""},"class_list":["post-768","page","type-page","status-publish","hentry"],"_links":{"self":[{"href":"https:\/\/sixterabytesofsnow.ch\/index.php?rest_route=\/wp\/v2\/pages\/768","targetHints":{"allow":["GET"]}}],"collection":[{"href":"https:\/\/sixterabytesofsnow.ch\/index.php?rest_route=\/wp\/v2\/pages"}],"about":[{"href":"https:\/\/sixterabytesofsnow.ch\/index.php?rest_route=\/wp\/v2\/types\/page"}],"author":[{"embeddable":true,"href":"https:\/\/sixterabytesofsnow.ch\/index.php?rest_route=\/wp\/v2\/users\/1"}],"replies":[{"embeddable":true,"href":"https:\/\/sixterabytesofsnow.ch\/index.php?rest_route=%2Fwp%2Fv2%2Fcomments&post=768"}],"version-history":[{"count":2,"href":"https:\/\/sixterabytesofsnow.ch\/index.php?rest_route=\/wp\/v2\/pages\/768\/revisions"}],"predecessor-version":[{"id":814,"href":"https:\/\/sixterabytesofsnow.ch\/index.php?rest_route=\/wp\/v2\/pages\/768\/revisions\/814"}],"wp:attachment":[{"href":"https:\/\/sixterabytesofsnow.ch\/index.php?rest_route=%2Fwp%2Fv2%2Fmedia&parent=768"}],"curies":[{"name":"wp","href":"https:\/\/api.w.org\/{rel}","templated":true}]}}