{"id":1030,"date":"2024-05-26T14:12:05","date_gmt":"2024-05-26T14:12:05","guid":{"rendered":"https:\/\/sixterabytesofsnow.ch\/?page_id=1030"},"modified":"2024-06-26T20:22:18","modified_gmt":"2024-06-26T20:22:18","slug":"samuel-hopfengaertner","status":"publish","type":"page","link":"https:\/\/sixterabytesofsnow.ch\/?page_id=1030","title":{"rendered":"Samuel Hopfeng\u00e4rtner"},"content":{"rendered":"\n<figure class=\"wp-block-image size-large is-resized\"><img loading=\"lazy\" decoding=\"async\" width=\"768\" height=\"1024\" src=\"https:\/\/sixterabytesofsnow.ch\/wp-content\/uploads\/2024\/06\/IMG_4915-2-768x1024.jpg\" alt=\"\" class=\"wp-image-1085\" style=\"width:467px;height:auto\" srcset=\"https:\/\/sixterabytesofsnow.ch\/wp-content\/uploads\/2024\/06\/IMG_4915-2-768x1024.jpg 768w, https:\/\/sixterabytesofsnow.ch\/wp-content\/uploads\/2024\/06\/IMG_4915-2-419x559.jpg 419w, https:\/\/sixterabytesofsnow.ch\/wp-content\/uploads\/2024\/06\/IMG_4915-2-1152x1536.jpg 1152w, https:\/\/sixterabytesofsnow.ch\/wp-content\/uploads\/2024\/06\/IMG_4915-2-1536x2048.jpg 1536w, https:\/\/sixterabytesofsnow.ch\/wp-content\/uploads\/2024\/06\/IMG_4915-2-scaled.jpg 1920w\" sizes=\"auto, (max-width: 768px) 100vw, 768px\" \/><\/figure>\n\n\n\n<p>Samuel Hopfeng\u00e4rtner \/\/ Trompete &amp; Fl\u00fcgelhorn<\/p>\n\n\n\n<p>Samuel Hopfeng\u00e4rtner (1983) ist studierter Jazztrompeter, hat einen Master in Instrumentalp\u00e4dagogik f\u00fcr Trompete im Profil Jazz und einen Master f\u00fcr Schulmusik II. An der Musikhochschule Luzern durfte er sein Handwerk von herausragenden Trompetern wie Peter Sch\u00e4rli, Mats Spillmann oder Lars Lindvall lernen. Er ist seit Jahren als Bandleader t\u00e4tig (Fidelis Big Band) und spielt in verschiedensten Formationen wie z.B. dem international erfolgreichen <em>Fischermanns Orchestra.<\/em><\/p>\n","protected":false},"excerpt":{"rendered":"<p>Samuel Hopfeng\u00e4rtner \/\/ Trompete &amp; Fl\u00fcgelhorn Samuel Hopfeng\u00e4rtner (1983) ist studierter Jazztrompeter, hat einen Master in Instrumentalp\u00e4dagogik f\u00fcr Trompete im Profil Jazz und einen Master f\u00fcr Schulmusik II. An der Musikhochschule Luzern durfte er sein Handwerk von herausragenden Trompetern wie Peter Sch\u00e4rli, Mats Spillmann oder Lars Lindvall lernen. Er ist seit Jahren als Bandleader t\u00e4tig &hellip; <\/p>\n<p class=\"link-more\"><a href=\"https:\/\/sixterabytesofsnow.ch\/?page_id=1030\" class=\"more-link\">Continue reading<span class=\"screen-reader-text\"> &#171;Samuel Hopfeng\u00e4rtner&#187;<\/span><\/a><\/p>\n","protected":false},"author":1,"featured_media":0,"parent":0,"menu_order":0,"comment_status":"closed","ping_status":"closed","template":"","meta":{"footnotes":""},"class_list":["post-1030","page","type-page","status-publish","hentry"],"_links":{"self":[{"href":"https:\/\/sixterabytesofsnow.ch\/index.php?rest_route=\/wp\/v2\/pages\/1030","targetHints":{"allow":["GET"]}}],"collection":[{"href":"https:\/\/sixterabytesofsnow.ch\/index.php?rest_route=\/wp\/v2\/pages"}],"about":[{"href":"https:\/\/sixterabytesofsnow.ch\/index.php?rest_route=\/wp\/v2\/types\/page"}],"author":[{"embeddable":true,"href":"https:\/\/sixterabytesofsnow.ch\/index.php?rest_route=\/wp\/v2\/users\/1"}],"replies":[{"embeddable":true,"href":"https:\/\/sixterabytesofsnow.ch\/index.php?rest_route=%2Fwp%2Fv2%2Fcomments&post=1030"}],"version-history":[{"count":4,"href":"https:\/\/sixterabytesofsnow.ch\/index.php?rest_route=\/wp\/v2\/pages\/1030\/revisions"}],"predecessor-version":[{"id":1086,"href":"https:\/\/sixterabytesofsnow.ch\/index.php?rest_route=\/wp\/v2\/pages\/1030\/revisions\/1086"}],"wp:attachment":[{"href":"https:\/\/sixterabytesofsnow.ch\/index.php?rest_route=%2Fwp%2Fv2%2Fmedia&parent=1030"}],"curies":[{"name":"wp","href":"https:\/\/api.w.org\/{rel}","templated":true}]}}